t are the prime factors of 752135142?
2, 3, 11, 79, 144253
What are the prime factors of 741399195?
3, 5, 49426613
List the prime factors of 228695626.
2, 114347813
What are the prime factors of 1036849136?
2, 64803071
What are the prime factors of 83390606?
2, 13, 3207331
List the prime factors of 126204861.
3, 1283, 32789
What are the prime factors of 683166440?
2, 5, 11, 1552651
What are the prime factors of 1143546896?
2, 71471681
List the prime factors of 54997812.
2, 3, 509239
What are the prime factors of 98000221?
11, 61, 146051
What are the prime factors of 427955868?
2, 3, 31, 41, 47, 199
What are the prime factors of 3868108342?
2, 7, 127, 353, 6163
What are the prime factors of 3826237236?
2, 3, 318853103
What are the prime factors of 68138394?
2, 3, 11356399
List the prime factors of 802507241.
521, 1540321
List the prime factors of 241641462.
2, 3, 59, 223, 3061
What are the prime factors of 7620111?
3, 67, 12637
What are the prime factors of 4749663060?
2, 3, 5, 233, 269, 421
What are the prime factors of 5017819?
5017819
What are the prime factors of 9224570?
2, 5, 922457
What are the prime factors of 279000459?
3, 181, 171271
What are the prime factors of 608810965?
5, 7, 139, 125141
List the prime factors of 663841428.
2, 3, 269, 205651
List the prime factors of 357203161.
7, 79, 645937
List the prime factors of 288120430.
2, 5, 13, 163, 13597
List the prime factors of 1514923024.
2, 43, 71, 31013
What are the prime factors of 3160804941?
3, 7, 1061, 47287
What are the prime factors of 36968006?
2, 18484003
List the prime factors of 40800542.
2, 20400271
List the prime factors of 142976364.
2, 3, 89, 133873
List the prime factors of 330625887.
3, 110208629
What are the prime factors of 889106283?
3, 13, 1433, 5303
What are the prime factors of 208664766?
2, 3, 17, 107, 6373
List the prime factors of 177540270.
2, 3, 5, 5918009
List the prime factors of 34058489.
53, 642613
What are the prime factors of 94143109?
94143109
What are the prime factors of 3750074649?
3, 727, 573143
What are the prime factors of 34521051?
3, 479, 24023
List the prime factors of 480611131.
7, 11, 13, 17, 61, 463
What are the prime factors of 46098895?
5, 9219779
What are the prime factors of 530212936?
2, 11, 19, 233, 1361
What are the prime factors of 179641384?
2, 13, 1727321
What are the prime factors of 489218598?
2, 3, 11, 2470801
What are the prime factors of 26703271?
7, 3814753
List the prime factors of 115484355.
3, 5, 7, 197, 1861
What are the prime factors of 592835122?
2, 11, 26947051
What are the prime factors of 367666?
2, 13, 79, 179
List the prime factors of 3635014904.
2, 454376863
List the prime factors of 197413979.
7, 17, 1658941
List the prime factors of 291192504.
2, 3, 12133021
List the prime factors of 975363144.
2, 3, 7, 5805733
List the prime factors of 4356569293.
157, 27748849
List the prime factors of 95455776.
2, 3, 13, 76487
List the prime factors of 10231793.
11, 13, 71551
What are the prime factors of 722012208?
2, 3, 15041921
List the prime factors of 1765600340.
2, 5, 7, 331, 5443
List the prime factors of 474923638.
2, 7, 37, 916841
What are the prime factors of 6612946883?
24917, 265399
What are the prime factors of 157305748?
2, 79, 109, 4567
List the prime factors of 1248676910.
2, 5, 13, 137, 70111
List the prime factors of 80856606.
2, 3, 131, 102871
List the prime factors of 448759345.
5, 97, 643, 1439
List the prime factors of 510420346.
2, 255210173
List the prime factors of 1892594.
2, 11, 86027
What are the prime factors of 79002925?
5, 3160117
What are the prime factors of 2891071620?
2, 3, 5, 16061509
What are the prime factors of 604033310?
2, 5, 109, 347, 1597
List the prime factors of 412789605.
3, 5, 27519307
List the prime factors of 250678904.
2, 7, 639487
List the prime factors of 89124212.
2, 19, 1172687
What are the prime factors of 3507600527?
9049, 387623
List the prime factors of 4474016926.
2, 379, 5902397
What are the prime factors of 22014357?
3, 7338119
List the prime factors of 312462989.
312462989
List the prime factors of 835287182.
2, 23, 18158417
List the prime factors of 9745157.
19, 512903
What are the prime factors of 416869403?
29, 163, 3041
What are the prime factors of 38516116?
2, 19, 506791
List the prime factors of 1824716241.
3, 61, 369301
What are the prime factors of 95952611?
95952611
What are the prime factors of 76149435?
3, 5, 19, 23, 11617
List the prime factors of 105271101.
3, 13, 899753
List the prime factors of 2804429027.
383, 7322269
List the prime factors of 695235017.
13799, 50383
What are the prime factors of 2114214287?
179, 11811253
List the prime factors of 102354205.
5, 20470841
List the prime factors of 13145059.
173, 75983
List the prime factors of 355144857.
3, 2281, 51899
What are the prime factors of 23697109?
149, 157, 1013
List the prime factors of 638448984.
2, 3, 877, 10111
List the prime factors of 95696904.
2, 3, 67, 59513
What are the prime factors of 51309803?
23, 2230861
List the prime factors of 30449867.
7, 163, 26687
List the prime factors of 4604524784.
2, 6421, 44819
What are the prime factors of 153892003?
71, 167, 12979
What are the prime factors of 1875474249?
3, 11, 19, 2991187
List the prime factors of 5925660676.
2, 13, 1249, 91237
List the prime factors of 14332423.
7, 229, 8941
What are the prime factors of 332465159?
13, 25574243
List the prime factors of 280957772.
2, 70239443
List the prime factors of 53367905.
5, 103, 173, 599
What are the prime factors of 1040335258?
2, 797, 652657
What are the prime factors of 55854177?
3, 41, 577, 787
What are the prime factors of 1022351636?
2, 599, 426691
What are the prime factors of 273534662?
2, 937, 145963
What are the prime factors of 9944326?
2, 7, 23, 89, 347
List the prime factors of 80818297.
7, 23, 71711
List the prime factors of 293242263.
3, 181, 540041
What are the prime factors of 1665247836?
2, 3, 7, 19824379
What are the prime factors of 88684168?
2, 107, 313, 331
List the prime factors of 659388221.
659388221
List the prime factors of 5447260272.
2, 3, 1621, 70009
List the prime factors of 1420111344.
2, 3, 29585653
What are the prime factors of 34144609?
31, 1101439
What are the prime factors of 505569825?
3, 5, 2246977
List the prime factors of 116169117.
3, 1117, 34667
What are the prime factors of 6694400882?
2, 13, 257476957
List the prime factors of 1564692246.
2, 3, 13, 191, 2693
What are the prime factors of 170175136?
2, 37, 143729
List the prime factors of 100984574.
2, 4283, 11789
List the prime factors of 323399291.
83, 257, 15161
List the prime factors of 218173852.
2, 13, 17, 246803
What are the prime factors of 1495322864?
2, 7, 13351097
List the prime factors of 381567260.
2, 5, 19078363
List the prime factors of 5847695701.
5847695701
List the prime factors of 156447003.
3, 563, 92627
List the prime factors of 846344613.
3, 29, 743, 13093
List the prime factors of 91246603.
7, 2909, 4481
What are the prime factors of 41058410?
2, 5, 151, 27191
What are the prime factors of 500016763?
31, 16129573
List the prime factors of 729750297.
3, 37, 149, 44123
What are the prime factors of 218585680?
2, 5, 349, 7829
What are the prime factors of 120720635?
5, 7, 103, 33487
What are the prime factors of 2890768327?
89, 32480543
List the prime factors of 411717179.
97, 4244507
What are the prime factors of 264650173?
191, 1385603
List the prime factors of 1396087697.
31, 71, 73, 8689
List the prime factors of 27381154.
2, 13690577
What are the prime factors of 90554729?
587, 154267
List the prime factors of 155914626.
2, 3, 7, 3712253
List the prime factors of 1747311611.
19, 91963769
What are the prime factors of 176701579?
67, 89, 29633
List the prime factors of 65098783.
89, 731447
List the prime factors of 553413460.
2, 5, 27670673
List the prime factors of 7264845888.
2, 3, 809, 46771
List the prime factors of 558924901.
881, 634421
List the prime factors of 10787544.
2, 3, 149827
What are the prime factors of 131974311?
3, 7, 6284491
List the prime factors of 1313901786.
2, 3, 83, 2638357
List the prime factors of 5905901584.
2, 11, 1523, 2003
List the prime factors of 2604210879.
3, 868070293
What are the prime factors of 4722148024?
2, 11, 4211, 127